= q*w - 78. What are the prime factors of w?
2, 13
Suppose -2*c - 17 = -3*n + 198, -5*n - 5*c = -400. List the prime factors of n.
3, 5
Let v = 28 - 7. What are the prime factors of v?
3, 7
Let j = -14 - -20. Let l = j - 4. Suppose 5*u - 31 = -3*h + 30, -4 = -l*h. List the prime factors of u.
11
Suppose -2*j + 10 = -4. Let d = 4 - j. What are the prime factors of -26*1*d/6?
13
Suppose -5*z + 128 = -3*c - 64, -5*c - 34 = -z. What are the prime factors of z?
3, 13
Let d(x) = -58*x - 11. List the prime factors of d(-5).
3, 31
Let k be (-2 - -5)/(-3) + 4. Suppose b + k*b - 36 = 3*l, 26 = 5*b + l. Suppose -b*n + n = -60. What are the prime factors of n?
2, 3
List the prime factors of ((-16)/40)/(2/(-160)).
2
Let x(n) = 2*n**2 - 4*n + 3. Let c be x(2). Suppose 16 = -4*p, m + c*p - 14 = -m. List the prime factors of m.
13
Suppose -4*u + 28 = 4. What are the prime factors of u?
2, 3
Suppose -38 + 13 = -5*v. Let c = 14 - v. List the prime factors of c.
3
List the prime factors of (2/6)/(7/1407).
67
Let r be ((-3)/5)/((-5)/25). Suppose -l = -2*l - 2. What are the prime factors of (l - -8)/r - -8?
2, 5
Suppose 0 = 4*n + k - 365, 2*n + 5*k = -n + 261. Suppose 0 = 2*l + 2*l - 5*t + n, 0 = -5*l - 2*t - 82. List the prime factors of 12/l - (-46)/6.
7
Let i(k) = 2*k**2 - 1. What are the prime factors of i(2)?
7
Let r(m) = 3*m - 1. Suppose -12 = -5*b + 3. What are the prime factors of r(b)?
2
Let q(f) = 2*f**2 - 2. Suppose -11 + 3 = u - 5*d, -5*d = -3*u - 14. What are the prime factors of q(u)?
2
Let l = -21 + -3. Let z be (l/(-15))/((-1)/(-5)). Suppose z = 3*a - a. What are the prime factors of a?
2
Suppose -3*a = -5*q - 26, 16 = 2*a - q - 2*q. Let f be (5 + -3)/a - -3. Suppose 6*k + 31 = 2*g + k, 0 = f*g + 2*k - 2. What are the prime factors of g?
3
Let i = -2 - -6. Suppose i*o - u + 2*u - 50 = 0, 2*u - 35 = -3*o. List the prime factors of o.
13
Let q(x) = -1. Let d(a) = -2*a - 9. Let s(u) = d(u) - 4*q(u). What are the prime factors of s(-6)?
7
Let r be ((0/(-2))/(-2))/(-3). Suppose r = -3*x + x + 4. What are the prime factors of 6/x*16/12?
2
Let r = 1 + -1. Let w = r - -5. List the prime factors of (-12)/w*(-60)/9.
2
Let o be (-12)/66 - 48/(-22). Suppose 2*x - a = -3*a + 16, -2*x = -5*a + 12. Suppose x = 2*p - o. List the prime factors of p.
3
Let j be 3/(-9) - 24/9. What are the prime factors of (-12)/(-10)*(-20)/j?
2
Let b = 402 + -168. What are the prime factors of b?
2, 3, 13
Let f = -24 + 24. Suppose -5*v + 232 = 4*u - 0*u, -v + 3*u + 35 = f. List the prime factors of v.
2, 11
Let h(i) = -i - 5. Let y be h(-7). Let l = y - 0. List the prime factors of l.
2
Let n(v) = v**2 - v - 41. List the prime factors of n(-14).
13
Let d(p) = 3*p**2 + p. Let t(q) = -q**3 - 8*q**2 - 6*q + 5. Let m be ((-45)/12 - -2)*4. Let a be t(m). List the prime factors of d(a).
2, 5
What are the prime factors of (-2 + -63)/(0 + 3/(-9))?
3, 5, 13
Let l = 31 - 22. Let m = l + 0. What are the prime factors of m?
3
Let r(b) = b + 2. Let m = 0 + 0. Let f be r(m). Suppose 5*q = f*q + 9. List the prime factors of q.
3
Let m(j) = -6*j - 1. Let n be -2 - 0 - 1 - -1. List the prime factors of m(n).
11
Let f(v) = -5*v**2 - 11*v + 4. Suppose 2*y + 2*y = -28. Let u(q) = 2*q**2 + 5*q - 2. Let t(o) = y*u(o) - 3*f(o). What are the prime factors of t(2)?
2
What are the prime factors of ((-33)/(-4))/(7/28)?
3, 11
Suppose 4*p + 2 = 3*l, 0*l = 3*l - 5*p - 4. Let t = 0 - l. List the prime factors of t.
2
Let l = 210 + -81. List the prime factors of l.
3, 43
Suppose 2*i + 3*m = -2*i + 31, -m - 20 = -3*i. Let b(q) = -2*q + 4*q - 3*q + 17. What are the prime factors of b(i)?
2, 5
Let d(o) = -75*o - 1. List the prime factors of d(-1).
2, 37
Let m = 45 + 5. List the prime factors of m.
2, 5
What are the prime factors of 11 - (2 - (5 - 3))?
11
Let o be 4/8*(-1 + -13). Let v = 22 + o. What are the prime factors of v?
3, 5
Let c be 3*1 + 6 + 21. Let b be (6/4)/(6/16). Suppose b*t = 10 + c. List the prime factors of t.
2, 5
Let s(x) = x**3 + 2*x**2 - 2*x + 128. List the prime factors of s(0).
2
Let j(d) = -d**3 + 3*d**2 + 4. Let t be j(3). Suppose 40 = 3*w + t*z - 58, 0 = -4*z - 4. List the prime factors of w.
2, 17
Let j = 145 - -17. List the prime factors of j.
2, 3
What are the prime factors of 2/15 - 1*5079/(-45)?
113
List the prime factors of (-6)/4*(-16)/3.
2
What are the prime factors of 1 + 3 + (-4 - -67)?
67
Suppose -5*p = o - 10, 3*o = 2*o - 5. Suppose g - p*m = -3*g + 72, 12 = -3*m. What are the prime factors of g?
3, 5
Suppose -2*f = y - 121, 0*f - 3*f - 4*y + 179 = 0. List the prime factors of f.
61
Let y(s) = -s**2 - 13*s + 1. List the prime factors of y(-6).
43
Let p(d) = 4*d**2 + 2*d - 21. List the prime factors of p(4).
3, 17
Let k(h) = -h**3 - 10*h**2 - 10*h - 11. Let b be k(-9). Let x be (3/b)/(21/(-28)). What are the prime factors of (x*3)/(-3)*-2?
2
Let y(i) = 2*i + 5. Let v be y(-7). Let f(m) = 6 + 4*m - 4 - 6*m + m. What are the prime factors of f(v)?
11
Let v = -15 + 25. Let d(i) = -i**2 + 10*i + 7. What are the prime factors of d(v)?
7
Suppose h + 1 = -17. Let c = h - -49. What are the prime factors of c?
31
What are the prime factors of 5 + (-752)/(4 + -8)?
193
Let q(b) = 12*b + 2. Let v be q(2). Suppose -6*n + 13 + 77 = 0. Let y = v - n. What are the prime factors of y?
11
Suppose -4*x = -x + 84. Let k = x - -40. What are the prime factors of k?
2, 3
Suppose -5*x - 2 + 17 = 0. Suppose g + 68 = x*g. What are the prime factors of g?
2, 17
Suppose 0 = m + 5*l - 20 + 2, -38 = -5*m + l. What are the prime factors of (28/m)/((-2)/(-4))?
7
Suppose -17 = 3*s - 155. List the prime factors of s.
2, 23
Suppose 5*y - 76 - 114 = 0. What are the prime factors of y?
2, 19
Let k = 77 + -35. List the prime factors of k.
2, 3, 7
Suppose 2*q = 1 + 9. Let b = 22 - q. What are the prime factors of b?
17
Suppose 3*g - 15 = 0, -2*u - 12 = -4*g + 4. Suppose -2*x + 4 = u*x. Let d = 4 + x. What are the prime factors of d?
5
Let w(x) be the first derivative of x**3/3 - 3*x**2/2 + 2*x - 2. Let t be w(3). Suppose j + 3*z = -t*j + 24, -z = -2*j + 28. What are the prime factors of j?
2, 3
What are the prime factors of (-27)/45 + (-188)/(-5)?
37
Suppose 3*y + 490 = 4*t, 3*t - 2*y = -0*y + 367. What are the prime factors of t?
11
What are the prime factors of ((-965)/25 - -2)*-5?
3, 61
Let k be (-1 - (-2 + 1))/(-2). Let d = 1 - k. Suppose m - d = 3. List the prime factors of m.
2
Suppose 0 = 3*u + 8 - 44. Let s = 2 + 2. Suppose u = s*h, 2*h + 4 = -k + 13. What are the prime factors of k?
3
Suppose 0 = -5*f + 4*k + 149, 0 = -2*f + 3*f + 2*k - 41. List the prime factors of f.
3, 11
Let i be (-28)/(-8) + 1/(-2). Suppose f = j - 8, 5*f - i + 18 = 0. What are the prime factors of j?
5
Suppose 0 = 5*x - 3*i + 7*i - 33, 0 = 4*i + 12. Let y = 16 - x. List the prime factors of y.
7
Let x = -1 - 4. Let p = x + 8. Suppose i + l - p = 4*l, 3*i = -4*l + 35. List the prime factors of i.
3
Suppose -4*s + 5*a = 12, 2*s - 4*a = -s - 10. Suppose 2*d + s*d = -p + 12, -d + 36 = 3*p. Suppose 0 = 2*f - 4*f + p. What are the prime factors of f?
2, 3
What are the prime factors of 1/(-3) - 232/(-12)?
19
Suppose 18*b + 300 = 2802. List the prime factors of b.
139
Suppose 255 = 2*f - 5*g, 0 = -f + 2*g - 6*g + 147. What are the prime factors of f?
3, 5
Suppose -4*m = -2*s + 4*s - 32, 124 = 4*s - 4*m. List the prime factors of s.
2, 13
Let a(g) = g**3 + 2*g**2 - 5*g - 5. Let b be a(-4). Let u = b + 33. What are the prime factors of u?
2
Let j(b) = b**2 + 6*b. Let d(r) = -r**2 - 5*r + 1. Let n(k) = -3*d(k) - 2*j(k). Let i be n(-3). What are the prime factors of i + 4/(12/75)?
2, 11
Let h(t) = -t - 1. Let v(s) = -5*s + 3. Let i(j) = 2*h(j) + v(j). Suppose 5*y - 14 = -c, 0 = 2*c - c + 4*y - 11. What are the prime factors of i(c)?
2
Let o = 0 + 3. Suppose w - 5*w + 4 = 0, 0 = o*i - 5*w + 11. Let s(f) = -3*f - 3. What are the prime factors of s(i)?
3
Let d(t) = 5*t**2 + t - 1. Let s be d(1). Let g(m) = -m**3 + 6*m**2 - 6*m - 3. Let p be g(s). List the prime factors of (-12)/p*16/6.
2
Let t be 2*1/(-1) - 0. What are the prime factors of 3/t*(-16)/6?
2
Suppose -246 = -2*w - 42. Let o = -66 + w. Suppose o = 4*k + 3*y, -k - y + 44 = 3*k. List the prime factors of k.
2, 3
Suppose 4*p - 3*a - 7 = -2*a, 3*p + 4*a = 10. What are the prime factors of 2